
What is the remainder when 14825 is divided by 1853?
1
Calculate the remainder when 55605 is divided by 42.
39
What is the remainder when 3907 is divided by 490?
477
What is the remainder when 592779 is divided by 296388?
3
What is the remainder when 63177 is divided by 31569?
39
What is the remainder when 5309 is divided by 281?
251
Calculate the remainder when 2570 is divided by 21.
8
What is the remainder when 13236 is divided by 6602?
32
What is the remainder when 5090 is divided by 1132?
562
Calculate the remainder when 13332 is divided by 278.
266
What is the remainder when 72147 is divided by 86?
79
Calculate the remainder when 3454 is divided by 1148.
10
Calculate the remainder when 79235 is divided by 135.
125
Calculate the remainder when 122439 is divided by 1441.
1395
What is the remainder when 40853 is divided by 6807?
11
What is the remainder when 93080 is divided by 19?
18
Calculate the remainder when 916721 is divided by 9.
8
What is the remainder when 32886 is divided by 1219?
1192
Calculate the remainder when 2209 is divided by 261.
121
Calculate the remainder when 8037 is divided by 8016.
21
Calculate the remainder when 39839 is divided by 1052.
915
Calculate the remainder when 11287 is divided by 2726.
383
Calculate the remainder when 22437 is divided by 5591.
73
Calculate the remainder when 21299 is divided by 34.
15
What is the remainder when 7091 is divided by 479?
385
What is the remainder when 11626 is divided by 1060?
1026
What is the remainder when 12410 is divided by 29?
27
What is the remainder when 14939 is divided by 2134?
1
Calculate the remainder when 72105 is divided by 8011.
6
What is the remainder when 2583004 is divided by 259?
256
What is the remainder when 1307 is divided by 580?
147
Calculate the remainder when 16368 is divided by 5.
3
What is the remainder when 49043 is divided by 804?
803
Calculate the remainder when 1813 is divided by 296.
37
Calculate the remainder when 4416 is divided by 723.
78
What is the remainder when 11377 is divided by 10?
7
What is the remainder when 1316 is divided by 205?
86
Calculate the remainder when 214392 is divided by 15.
12
Calculate the remainder when 72974 is divided by 174.
68
What is the remainder when 155175 is divided by 147?
90
What is the remainder when 2289 is divided by 2258?
31
Calculate the remainder when 4141 is divided by 740.
441
Calculate the remainder when 1949308 is divided by 15.
13
What is the remainder when 375 is divided by 26?
11
Calculate the remainder when 14381 is divided by 436.
429
What is the remainder when 1506 is divided by 283?
91
Calculate the remainder when 14976 is divided by 14941.
35
What is the remainder when 20433 is divided by 681?
3
Calculate the remainder when 13761 is divided by 81.
72
Calculate the remainder when 11648 is divided by 3657.
677
Calculate the remainder when 3009 is divided by 500.
9
What is the remainder when 101378 is divided by 16882?
86
Calculate the remainder when 175163 is divided by 1327.
1326
Calculate the remainder when 32348 is divided by 8.
4
What is the remainder when 1564 is divided by 259?
10
What is the remainder when 1517 is divided by 60?
17
Calculate the remainder when 128885 is divided by 4773.
14
Calculate the remainder when 2598 is divided by 65.
63
Calculate the remainder when 2061 is divided by 53.
47
What is the remainder when 1499180 is divided by 718?
714
What is the remainder when 514 is divided by 114?
58
Calculate the remainder when 58560 is divided by 1128.
1032
Calculate the remainder when 1895 is divided by 347.
160
Calculate the remainder when 11681 is divided by 586.
547
Calculate the remainder when 14368 is divided by 448.
32
What is the remainder when 37322 is divided by 343?
278
Calculate the remainder when 4363 is divided by 1090.
3
What is the remainder when 9792 is divided by 1036?
468
Calculate the remainder when 345326 is divided by 9.
5
What is the remainder when 7239 is divided by 722?
19
What is the remainder when 110978 is divided by 209?
208
Calculate the remainder when 1687 is divided by 823.
41
What is the remainder when 120173 is divided by 209?
207
What is the remainder when 32145 is divided by 742?
239
What is the remainder when 754021 is divided by 182?
177
Calculate the remainder when 2883 is divided by 69.
54
What is the remainder when 72857 is divided by 2276?
25
Calculate the remainder when 14727 is divided by 3.
0
Calculate the remainder when 5750 is divided by 2870.
10
What is the remainder when 1189839 is divided by 109?
104
What is the remainder when 134687 is divided by 417?
413
Calculate the remainder when 45754 is divided by 62.
60
Calculate the remainder when 1887 is divided by 211.
199
What is the remainder when 720773 is divided by 18?
17
Calculate the remainder when 44070 is divided by 119.
40
Calculate the remainder when 23966 is divided by 30.
26
What is the remainder when 37799 is divided by 461?
458
What is the remainder when 236516 is divided by 30?
26
What is the remainder when 852 is divided by 280?
12
What is the remainder when 672375 is divided by 41?
16
Calculate the remainder when 480271 is divided by 160086.
13
What is the remainder when 55173 is divided by 46?
19
What is the remainder when 63311 is divided by 321?
74
What is the remainder when 273246 is divided by 5692?
30
Calculate the remainder when 3681 is divided by 50.
31
What is the remainder when 5974 is divided by 15?
4
Calculate the remainder when 9681 is divided by 206.
205
What is the remainder when 1157 is divided by 173?
119
What is the remainder when 58921 is divided by 327?
61
Calculate the remainder when 24749 is divided by 1178.
11
Calculate the remainder when 1798 is divided by 55.
38
Calculate the remainder when 15940 is divided by 94.
54
What is the remainder when 6286 is divided by 1919?
529
Calculate the remainder when 2922 is divided by 223.
23
What is the remainder when 577 is divided by 59?
46
What is the remainder when 583 is divided by 280?
23
What is the remainder when 2679 is divided by 496?
199
What is the remainder when 18154 is divided by 356?
354
Calculate the remainder when 60705 is divided by 9.
0
Calculate the remainder when 60198 is divided by 87.
81
What is the remainder when 472117 is divided by 157350?
67
What is the remainder when 485526 is divided by 161839?
9
What is the remainder when 8854 is divided by 604?
398
Calculate the remainder when 1127 is divided by 156.
35
What is the remainder when 545085 is divided by 1373?
4
What is the remainder when 10051 is divided by 74?
61
What is the remainder when 66738 is divided by 33358?
22
Calculate the remainder when 545729 is divided by 34.
29
What is the remainder when 162858 is divided by 122?
110
Calculate the remainder when 1298 is divided by 1194.
104
Calculate the remainder when 398291 is divided by 25.
16
What is the remainder when 26099 is divided by 26081?
18
What is the remainder when 19363 is divided by 103?
102
What is the remainder when 30714 is divided by 269?
48
What is the remainder when 34374 is divided by 9?
3
What is the remainder when 4901 is divided by 8?
5
What is the remainder when 795 is divided by 391?
13
What is the remainder when 3379783 is divided by 446?
441
What is the remainder when 97628 is divided by 24406?
4
Calculate the remainder when 21237 is divided by 7.
6
What is the remainder when 2672 is divided by 376?
40
What is the remainder when 56881 is divided by 39?
19
What is the remainder when 68102 is divided by 68084?
18
What is the remainder when 2003919 is divided by 1732?
1727
Calculate the remainder when 4567 is divided by 1507.
46
What is the remainder when 16611 is divided by 13?
10
What is the remainder when 837 is divided by 92?
9
Calculate the remainder when 13976 is divided by 262.
90
What is the remainder when 3093 is divided by 1197?
699
What is the remainder when 83047 is divided by 110?
107
Calculate the remainder when 8216 is divided by 20.
16
Calculate the remainder when 10357 is divided by 163.
88
What is the remainder when 12417 is divided by 63?
6
Calculate the remainder when 1354 is divided by 202.
142
What is the remainder when 11043 is divided by 651?
627
What is the remainder when 3080 is divided by 206?
196
Calculate the remainder 